ase 4, what is 10 - -10031212100?
10031212110
In base 11, what is 127505 + 4?
127509
In base 6, what is 5501 - -2?
5503
In base 4, what is 310113 + 32?
310211
In base 5, what is -303304 + -20?
-303324
In base 3, what is -10211222021 - -11?
-10211222010
In base 7, what is 4 + -56641?
-56634
In base 16, what is 30 + 1737a?
173aa
In base 7, what is -2140521 - 5?
-2140526
In base 16, what is -53c1 - -2?
-53bf
In base 9, what is 6038574 - -3?
6038577
In base 14, what is -135c4 - -3?
-135c1
In base 7, what is -4 - -113620?
113613
In base 6, what is 32 + 322354?
322430
In base 4, what is -20 + -123231303?
-123231323
In base 9, what is -34 + 320?
275
In base 16, what is -144 + -194f?
-1a93
In base 4, what is 11130313 - -13?
11130332
In base 15, what is 8 - 1dacd?
-1dac5
In base 14, what is -7c38 - -10?
-7c28
In base 13, what is 5aa9 - 2?
5aa7
In base 6, what is -15 - 240201?
-240220
In base 12, what is -3867 - -27?
-3840
In base 13, what is -5 - -6924?
691c
In base 12, what is 740b - -48?
7457
In base 9, what is -2180 + -337?
-2527
In base 7, what is -44 + 604?
530
In base 12, what is 163 - 17?
148
In base 4, what is -10 - -12012131310?
12012131300
In base 8, what is 2 + 2146513?
2146515
In base 6, what is -40105201 - -2?
-40105155
In base 10, what is 4 - -36863?
36867
In base 16, what is -5 - -50408?
50403
In base 11, what is -1074665 - 1?
-1074666
In base 6, what is 11 + 2051005?
2051020
In base 12, what is 16642 + 0?
16642
In base 9, what is -34 + -60271?
-60315
In base 7, what is 44 - 2521?
-2444
In base 4, what is 1011 + 11121?
12132
In base 9, what is -4032 - 114?
-4146
In base 10, what is -712 + 10?
-702
In base 6, what is -10 - -1114531?
1114521
In base 10, what is -1322 + 387?
-935
In base 2, what is 111101 - -11101111?
100101100
In base 13, what is 22a - 34?
1c6
In base 15, what is bd8b0 - 2?
bd8ad
In base 14, what is 7 + -21dd?
-21d6
In base 5, what is -41011123 - -1?
-41011122
In base 15, what is -38e - 40?
-3ce
In base 16, what is 2 - -9262?
9264
In base 10, what is -360550 + -10?
-360560
In base 8, what is -2675324 + 4?
-2675320
In base 14, what is 6d + 8a?
119
In base 2, what is 1 + 111000111111100?
111000111111101
In base 4, what is 1 + 10120?
10121
In base 2, what is 11100 + 1010101011000100?
1010101011100000
In base 14, what is 100 - -21c?
31c
In base 12, what is -279 - 12a?
-3a7
In base 8, what is 146 - 224?
-56
In base 6, what is -1015114 - -3?
-1015111
In base 14, what is 1c - -ac7?
b05
In base 6, what is 23 + -11355330?
-11355303
In base 9, what is -3570 - -1521?
-2048
In base 16, what is -23705 - 0?
-23705
In base 13, what is b69689 + -3?
b69686
In base 7, what is 60 + -12322?
-12232
In base 13, what is 382070 - 0?
382070
In base 13, what is -c - -c50?
c41
In base 14, what is 267 - 26?
241
In base 13, what is -69 + -631?
-69a
In base 11, what is 488 - -147a?
1957
In base 4, what is 32311 - 122103?
-23132
In base 14, what is -5 - -c7ad?
c7a8
In base 16, what is 9fb3 + -6?
9fad
In base 4, what is 303211111 - -2?
303211113
In base 16, what is 2d + 13d?
16a
In base 11, what is -41 - 417?
-458
In base 9, what is -6515 + 22?
-6483
In base 7, what is -1023 - 14315?
-15341
In base 16, what is -bbe7 + -1c?
-bc03
In base 14, what is 5 - -4867?
486c
In base 6, what is 43 + -125?
-42
In base 11, what is 11152 - 30?
11122
In base 3, what is -1100012 + -22101?
-1122120
In base 9, what is -1 + 613708?
613707
In base 4, what is -313 - -2113203?
2112230
In base 9, what is -10 + 5825?
5815
In base 4, what is -133 + -1301?
-2100
In base 4, what is 20 + -221301?
-221221
In base 14, what is -21ba5 - -9?
-21b9a
In base 15, what is bec61 - 3?
bec5d
In base 12, what is -4 - -711b5?
711b1
In base 9, what is -5 + 1124?
1118
In base 4, what is 11 - -122102223?
122102300
In base 2, what is 100100011001 - -101101?
100101000110
In base 5, what is 23424420 + 4?
23424424
In base 12, what is 2a - 4850?
-4822
In base 15, what is 1 + -5adb2?
-5adb1
In base 5, what is -223 + 1442?
1214
In base 5, what is -40320 + 3302?
-32013
In base 4, what is 11 + -220232211?
-220232200
In base 7, what is 2153652 + 0?
2153652
In base 15, what is 2dce + 3?
2dd2
In base 10, what is 113022 - -2?
113024
In base 2, what is -100000011110100 + -1?
-100000011110101
In base 9, what is -125005 + -1?
-125006
In base 13, what is -804 + -410?
-c14
In base 13, what is 28 - 11b8?
-1190
In base 10, what is 1 + 87758?
87759
In base 3, what is -10 - 20110210120?
-20110210200
In base 15, what is -b1b5 - -2?
-b1b3
In base 13, what is -8c761 - -5?
-8c759
In base 14, what is 7 - 451a?
-4513
In base 8, what is 13 - -11775?
12010
In base 12, what is -54801 - b?
-54810
In base 5, what is 4 + 133000?
133004
In base 7, what is 33 + 5626?
5662
In base 11, what is 16 + 1832?
1848
In base 4, what is 301323 + -33?
301230
In base 4, what is 3 - -130011312?
130011321
In base 7, what is 110225 + -6?
110216
In base 4, what is -12020122 - 132?
-12020320
In base 10, what is -29740 + 113?
-29627
In base 4, what is -23013310 + -2?
-23013312
In base 4, what is 123021 + -211?
122210
In base 13, what is -17 - -106c6?
106ac
In base 13, what is 52401 + 5?
52406
In base 14, what is 4dd0 - 0?
4dd0
In base 6, what is 40 + -3024302?
-3024222
In base 9, what is -112 + 20?
-82
In base 3, what is -12120 - 221222?
-1011112
In base 2, what is 101001 - 11101000000010?
-11100111011001
In base 16, what is 3 - -490a?
490d
In base 16, what is -781 + -911?
-1092
In base 14, what is -14 + -1037?
-104b
In base 2, what is 100 - 11111100000000?
-11111011111100
In base 4, what is 12 + 12110321?
12110333
In base 7, what is 443 - 25?
415
In base 10, what is -7649 - 3?
-7652
In base 13, what is -1 + 15a442?
15a441
In base 7, what is 34 + -304460?
-304423
In base 8, what is -452 + 6074?
5422
In base 16, what is -3 + -1588?
-158b
In base 3, what is 10 + 11011000112?
11011000122
In base 13, what is -11 - -61cc9?
61cb8
In base 11, what is 11 + -a5a8?
-a597
In base 2, what is 100100000000001 - 100?
100011111111101
In base 14, what is c34a - 9?
c341
In base 8, what is -1 + 13326?
13325
In base 4, what is -1022302 - -121?
-1022121
In base 9, what is 2 - 134025?
-134023
In base 13, what is -58777 + 4?
-58773
In base 11, what is 160552 - 0?
160552
In base 9, what is -5120 - 27?
-5147
In base 7, what is 12 - -1110560?
1110602
In base 10, what is 3 + -644571?
-644568
In base 8, what is 13 - 7066?
-7053
In base 14, what is ba2a - 4?
ba26
In base 8, what is 130 - 133?
-3
In base 9, what is 336 + -81?
245
In base 7, what is -1 + -61050?
-61051
In base 10, what is 3 - -195899?
195902
In base 9, what is -3 + -60767?
-60771
In base 10, what is -8 + 23255?
23247
In base 5, what is -10 + -4023144?
-4023204
In base 10, what is -28161 - 4?
-28165
In base 6, what is -10 - -1333545?
1333535
In base 11, what is 6621 - -11?
6632
In base 12, what is -a8 - 10164?
-10250
In base 9, what is -477484 - 2?
-477486
In base 2, what is -100011111010000 + -1101?
-100011111011101
In base 10, what is -1 + -22988?
-22989
In base 5, what is -12423 + 1013?
-11410
In base 2, what is -1000110000100010 + -10100?
-1000110000110110
In base 7, what is -420 + -31?
-451
In base 13, what is -176b - -15b?
-1610
In base 8, what is -117312 - -131?
-117161
In base 5, what is -1034120 + -313?
-1034433
In base 9, what is -26772 - -7?
-26764
In base 10, what is -1440 - -2146?
706
In base 3, what is -1022 - -20011002?
20002210
In base 3, what is -12 - 12011120201?
-12011120220
In base 9, what is -1 - 45448?
-45450
In base 4, what is -31112 + 210?
-30302
In base 2, what is -100 - 10001101010011?
-10001101010111
In base 2, what is -1011001111100 + 100?
-1011001111000
In base 11, what is 42 - -458a?
4621
In base 15, what is -14ab - 15?
-14c1
In base 7, what is -2 + -1026264?
-1026266
In base 13, what is a2bb3 + -12?
a2ba1
In base 2, what is -11 + -110010010011?
-110010010110
In base 15, what is 2a + 125e?
1289
In base 14, what is 3d10 - 64?
3c8a
In base 13, what is -44 + 2789?
2745
In base 4, what is -2 - 1320111200?
-1320111202
In base 4, what is 0 + 220002332?
220002332
In base 11, what is 19704 + -7?
196a8
In base 13, what is 4 - -13462?
13466
In base 6, what is 1052354 + 24?
1052422
In base 5, what is 233410 + -30?
233330
In base 15, what is 103b - -4?
1040
In base 6, what is -40 + 54204?
54124
